 = d - 0*d - j - 12. What is the remainder when d is divided by 5?
4
Let w be 3/3 + 10/5. Suppose -w*l = -80 - 25. Calculate the remainder when 137 is divided by l.
32
Let q(r) be the third derivative of r**5 + r**4/24 + 5*r**2. Let j(o) = o**2 + 15*o - 3. Calculate the remainder when q(1) is divided by j(-17).
30
Let z(r) = r**3 + 9*r**2 - 3*r - 2. Let d be z(-10). Calculate the remainder when 29 is divided by (-14)/77 + d/(-33).
1
Suppose 2*f + 193 = 5*n, -4*n + 2*f + 0*f + 154 = 0. What is the remainder when 230 is divided by n?
35
Let n = 140 - 86. What is the remainder when 537 is divided by n?
51
Suppose 2*n + 3*v = 76, 0*v = -2*v + 4. Suppose 0 = -7*i - 0*i + n. Calculate the remainder when 7 is divided by i.
2
Let k = -12 - -15. Let r(d) = k - 4 - 6*d - 2. What is the remainder when 58 is divided by r(-3)?
13
Let y = 252 - 124. Let s = y - 4. Calculate the remainder when s is divided by 43.
38
Suppose -3*p = -0*p + 2*x - 295, -2*x = -10. Let b = 10 - -14. Calculate the remainder when p is divided by b.
23
Suppose 5*r + i = 111, 85 = 4*r + 2*i - 5*i. What is the remainder when 238 is divided by r?
18
Let p(y) be the second derivative of -y**4/12 + 3*y**2/2 + 12*y. Let s be p(-3). What is the remainder when s/(-4)*(-180)/(-27) is divided by 6?
4
Let k = 1312 - 1120. Calculate the remainder when k is divided by 73.
46
Let g = 911 - 899. Calculate the remainder when 226 is divided by g.
10
Suppose 4*g - t - 216 = 0, -g = g + 5*t - 130. What is the remainder when 164 is divided by g?
54
What is the remainder when 98 is divided by (-4 - (-162)/14)/(10/70)?
45
Let a(j) = j**3 + 14 - 2 + 0*j**3 + 11*j**2. Suppose -2*p - 35 = 3*n, 4*n = -p - 16 - 29. What is the remainder when 47 is divided by a(n)?
11
Suppose -815 = -5*w + 5*t, w + 6*t = 4*t + 172. What is the remainder when w is divided by 43?
37
Let j(w) = -w**3 + 12*w**2 - 41*w + 177. What is the remainder when 182 is divided by j(9)?
29
Let j = -80 + 110. What is the remainder when j is divided by (11/(-33))/(2/(-66))?
8
Suppose 2*z = -2*z - 5*v + 651, -v - 315 = -2*z. What is the remainder when z is divided by 27?
24
Suppose 0 = -23*g + 12597 - 3949. Calculate the remainder when g is divided by 27.
25
Suppose 2*b = 4*l - 0*l - 8, -2*b + 2*l = 10. What is the remainder when 87 is divided by ((-44)/b)/((-8)/(-24))?
21
Let x(l) = -l**3 - 4*l**2 + 1. Let h be x(-4). Suppose -a + 0*a = 4*s - h, -4*s = 4*a - 4. What is the remainder when (-1)/((-1)/5) - a is divided by 2?
0
Let w = 90 - 65. Calculate the remainder when 271 is divided by w.
21
Calculate the remainder when (-34 - -656)/((0 + 2)/1) is divided by 6.
5
Suppose 6 + 0 = 2*d. Let v be (d/6 - 0)*326. Suppose v = 5*o - 0*o + l, 8 = -4*l. Calculate the remainder when 96 is divided by o.
30
Let l = -587 + 877. Calculate the remainder when l is divided by 25.
15
Suppose 46 = 2*c + 10. Let s(k) be the first derivative of k**2 - 7*k + 16. Calculate the remainder when c is divided by s(7).
4
Let y(s) = 7*s - 102. Let a be y(16). Suppose -546 = 3*i - a*i. What is the remainder when i is divided by (4/(-3))/1*-12?
14
Suppose 5*r + z = 6 - 30, r + 2*z + 12 = 0. Let l = r - -5. Calculate the remainder when (-3)/(-2)*5*(-4)/(-10) is divided by l.
0
Suppose -56 = -v + 26*s - 29*s, -3*v + 5*s + 112 = 0. Calculate the remainder when 137 is divided by v.
5
Let w(j) = -j**3 + 13*j**2 + 12*j + 34. What is the remainder when 28 is divided by w(14)?
4
Suppose 6*y + 2 = 7*y, -w = 5*y - 166. What is the remainder when w is divided by 79?
77
Suppose 0 = 8*i - 6*i + 92. Let w = i - -82. Calculate the remainder when 107 is divided by w.
35
Suppose -f = 2*x - 1, -3*x = 2*f + 4 - 6. Suppose -2*p - t = -1, -5*p + 5*t + 22 + 3 = x. Calculate the remainder when p/6 - (-92)/3 is divided by 11.
9
Suppose -3306 = -124*a + 2026. Suppose w - 65 = 18. What is the remainder when w is divided by a?
40
What is the remainder when 34 is divided by -10 + 24 - (-1 - -4)?
1
Suppose 3*y = -6, 0 = -2*v + y - 0*y + 56. Calculate the remainder when 157 is divided by v.
22
Let q(h) = -14*h**2 + h. Let z(o) = 28*o**2 - 2*o. Let g be 2/(4/(-3))*-2. Let u(s) = g*z(s) + 5*q(s). What is the remainder when 43 is divided by u(-1)?
13
Suppose 9 = 4*b - 15. Suppose -2 - 7 = -3*q. Suppose -15 - 30 = -q*m. What is the remainder when m is divided by b?
3
Calculate the remainder when 261 is divided by ((-10)/(-4) - -2)*(-224)/(-42).
21
Suppose 149 = 17*q + 47. Calculate the remainder when q is divided by 3.
0
Let a = 139 - 105. Calculate the remainder when a is divided by 9.
7
Let p(q) = -16*q + 10. Let o be p(7). Let z(s) = 17*s + 57. Let w be z(-12). Let a = o - w. Calculate the remainder when a is divided by 12.
9
Let b = 39 - 16. Let j = 29 + -29. Suppose j + 8 = s. What is the remainder when b is divided by s?
7
Let k = 225 - 215. Let p = -8 + 15. Suppose -3*v + p = -110. What is the remainder when v is divided by k?
9
Let w(j) = j**2 + 14*j + 22. Let g be w(-12). Calculate the remainder when (12 + -10)*(-29)/g is divided by 17.
12
Let o = -129 - -137. Let g(k) = -1 + 7*k + k**2 + k - 3*k. Calculate the remainder when g(-7) is divided by o.
5
Let g = 596 - 589. What is the remainder when 795 is divided by g?
4
Suppose 0 = 4*s - 5*s. Let g(n) = 10*n + 1. Let k(u) = 3*u + 2. Let f(c) = -2*g(c) + 6*k(c). Calculate the remainder when 17 is divided by f(s).
7
Let c(h) = h - 5. Let t be c(7). Suppose -5*r - 55 = -t*g, -46 = -4*g - 5*r + 19. Calculate the remainder when 41 is divided by g/1 - (-6 - -5).
20
Let i = -26 - 40. What is the remainder when 76 is divided by ((-14)/21)/(4/i)?
10
Let l(y) = -6*y**2 + 4*y + 5. Let n be l(-1). Let f = -19 + 9. Let g = n - f. What is the remainder when 13 is divided by g?
3
Suppose -8*u = -17*u + 549. Calculate the remainder when u is divided by 16.
13
Let t = -438 - -449. Let q(m) = m**3 + 6*m**2 - 4*m + 4. What is the remainder when q(-6) is divided by t?
6
Suppose 145*x - 143*x - 798 = 0. What is the remainder when x is divided by 102?
93
Let h(f) = 41*f**3 + 2*f**2 - f. Let v = 32 + -25. Suppose v*r - 102 - 3 = 0. Calculate the remainder when h(1) is divided by r.
12
Suppose -z - h + 4 = 0, -h - 1 = -z - 7. Calculate the remainder when 144 is divided by (z/((-5)/(-37)))/(1/(-5)).
33
Suppose 15 = 3*l, 2*l + 70 = 2*a - 44. Let k = a + -19. What is the remainder when k is divided by 23?
20
Suppose 5*l - 80 = -2*h, 4*l = -3*h + h + 66. Let v = -5707 + 5761. What is the remainder when v is divided by l?
12
Let y = 68 + -46. Let t = -5 + y. Suppose 61 = 5*s - 3*s + v, 5*s - 175 = 5*v. Calculate the remainder when s is divided by t.
15
Let f(n) = -197*n**3 + 11*n**2 + 16*n + 3 + 196*n**3 + 5. Suppose w - 18 = 3*v, -3*w + 5*w = v + 31. What is the remainder when f(12) is divided by w?
11
Suppose 2*v - 637 = 6*r - 11*r, 2*v - 2 = 0. What is the remainder when r is divided by 44?
39
Suppose -3*j = 8*i - 4*i - 715, -4*i - 233 = -j. Calculate the remainder when j is divided by 60.
57
Let k(d) = -7*d**3. Suppose 71*y - 74*y + 28 = -4*t, 3*y - 40 = -2*t. What is the remainder when y is divided by k(-1)?
5
Suppose f - m - 4 = 0, 5*f - 3*m - 20 = -0*f. Let d(n) = 6*n**2 - 5*n**2 - 1 + n**2 + f*n. What is the remainder when 57 is divided by d(-4)?
12
Calculate the remainder when (-4)/6 + (-28)/(-6) - -59 is divided by 26.
11
Suppose 3*q + 0*u = u + 9, -4 = -4*q + 4*u. Let t = 5 - 5. Suppose t = w + 14 - 28. What is the remainder when w is divided by q?
2
Let z(x) be the first derivative of -23*x**2/2 - x - 4. Calculate the remainder when 83 is divided by z(-1).
17
Suppose -11 = m + 4*u + 19, 2*m + 2*u + 60 = 0. Suppose 5*w = -46 - 244. Let z = m - w. Calculate the remainder when 109 is divided by z.
25
Suppose 5*w + 210 = 10*w. Suppose 4*c - w = -2*c. What is the remainder when 41 is divided by c?
6
Suppose -k + 4*k = -9, 0 = 5*d + 3*k - 1026. Let y = -144 - -179. What is the remainder when d is divided by y?
32
Let u = -142 + 147. What is the remainder when 331 is divided by u?
1
Suppose 5*p = 5*g + 35, -5*p - 4*g - 3 = -2. Suppose -2*u + p*o - 32 + 87 = 0, -5*u + o + 157 = 0. Calculate the remainder when u is divided by 17.
15
Let k(p) be the second derivative of -3*p + 23/12*p**4 + 1/2*p**2 + 0 + 0*p**3. What is the remainder when k(1) is divided by 9?
6
Suppose 4*i